{"id":1312,"date":"2016-02-13T21:36:34","date_gmt":"2016-02-13T20:36:34","guid":{"rendered":"http:\/\/iglesia-latina.de\/de\/?page_id=1312"},"modified":"2021-04-26T17:09:53","modified_gmt":"2021-04-26T16:09:53","slug":"erloesung","status":"publish","type":"page","link":"http:\/\/iglesia-latina.de\/de\/erloesung\/","title":{"rendered":"ERL\u00d6SUNG"},"content":{"rendered":"<div class=\"wpb-content-wrapper\"><body>[vc_row][vc_column][vc_column_text]\n<h1>Erl\u00f6sung<\/h1>\n[\/vc_column_text][\/vc_column][\/vc_row][vc_row][vc_column width=\u201d1\/3\u2033][vc_column_text]Es kann sein, dass f\u00fcr Sie in diesem Moment alles bestens l\u00e4uft oder dass Sie sich in einer schwierigen Situation befinden. [\/vc_column_text][\/vc_column][vc_column width=\u201d1\/3\u2033][vc_column_text css_animation=\u201dappear\u201d]Egal wo Sie heute stehen, wir haben eine gute Nachricht f\u00fcr Sie: Gott kennt Sie und er liebt Sie. Sie sind wichtig f\u00fcr Ihn und Er w\u00fcnscht sich eine ganz pers\u00f6nliche Beziehung mit Ihnen.[\/vc_column_text][\/vc_column][vc_column width=\u201d1\/3\u2033][vc_column_text css_animation=\u201dright-to-left\u201d]M\u00f6chten Sie eine Beziehung mit Gott jetzt beginnen? Wenn dem so ist, bitte betrachten Sie folgende Schritte um eine geistliche Erfahrung mit Gott zu starten:[\/vc_column_text][\/vc_column][\/vc_row][vc_row][vc_column]<div class=\"fw-section hb-fw-69f5cdce258c9 without-border no-overlay dark-text-color\" style=\"background-image:url(https:\/\/i0.wp.com\/iglesia-latina.de\/wp-content\/uploads\/2014\/09\/cielo-oscuro.jpg?fit=1024%2C576);padding-top:100px;padding-bottom:100px;\"><div class=\"row fw-content-wrap\"><div class=\"col-12 nbm\">\n<h1 style=\"text-align: center;\"><span style=\"color: #ffffff;\"><strong>ERSTENS<\/strong><\/span><\/h1>\n<\/div><\/div><div class=\"video-overlay no-overlay\"><\/div><\/div>[\/vc_column][\/vc_row][vc_row][vc_column width=\u201d1\/2\u2033][vc_column_text css_animation=\u201dleft-to-right\u201d css=\u201d.vc_custom_1455395280199{margin-top: 50px !important;}\u201d]Erkennen Sie, dass Sie von Gott getrennt sind. In der Bibel lesen wir, dass alle in irgendeiner Form ges\u00fcndigt haben (R\u00f6mer 3:23),[\/vc_column_text][\/vc_column][vc_column width=\u201d1\/2\u2033][vc_column_text css_animation=\u201dright-to-left\u201d css=\u201d.vc_custom_1455395222830{margin-top: 50px !important;}\u201d]und dass es nicht einen gibt, der gerecht ist (R\u00f6mer 3:10). Die S\u00fcnden haben die Menschheit von Gott getrennt.[\/vc_column_text][\/vc_column][\/vc_row][vc_row][vc_column]<div class=\"fw-section hb-fw-69f5cdce25b36 without-border no-overlay dark-text-color\" style=\"background-image:url(https:\/\/i0.wp.com\/iglesia-latina.de\/wp-content\/uploads\/2014\/09\/Fotolia_47241281_Subscription_Monthly_M.jpg?fit=1024%2C482);margin-top:50px;padding-top:100px;padding-bottom:100px;\"><div class=\"row fw-content-wrap\"><div class=\"col-12 nbm\">\n<h1 style=\"text-align: center;\"><span style=\"color: #ffffff;\"><strong>ZWEITENS<\/strong><\/span><\/h1>\n<\/div><\/div><div class=\"video-overlay no-overlay\"><\/div><\/div>[\/vc_column][\/vc_row][vc_row][vc_column width=\u201d1\/2\u2033][vc_column_text css_animation=\u201dleft-to-right\u201d css=\u201d.vc_custom_1455395387155{margin-top: 50px !important;}\u201d]Erkennen Sie, dass Ihre eigene Gerechtigkeit nicht genug vor Gott ist. Alle pers\u00f6nliche Anstrengungen oder eigenen Werke sind nutzlos, um eine Beziehung mit Gott zu beginnen oder eine dauerhafte Beziehung mit ihm zu etablieren.[\/vc_column_text][\/vc_column][vc_column width=\u201d1\/2\u2033][vc_column_text css_animation=\u201dright-to-left\u201d css=\u201d.vc_custom_1455395409116{margin-top: 50px !important;}\u201d]In Epheser 2:9 lesen wir \u201cnicht aus den Werken, auf dass sich nicht jemand r\u00fchme\u201c. Und R\u00f6mer 10:17 lehrt uns \u201e Demnach kommt der Glaube aus der Verk\u00fcndung, die Verk\u00fcndung aber durch Gottes Wort. Wollen Sie im Glauben wachsen?[\/vc_column_text][\/vc_column][\/vc_row][vc_row][vc_column]<div class=\"fw-section hb-fw-69f5cdce25cf5 without-border no-overlay dark-text-color\" style=\"background-image:url(https:\/\/i0.wp.com\/iglesia-latina.de\/wp-content\/uploads\/2014\/09\/Fotolia_44589020_Subscription_Monthly_M.jpg?fit=1024%2C576);margin-top:50px;padding-top:100px;padding-bottom:100px;\"><div class=\"row fw-content-wrap\"><div class=\"col-12 nbm\">\n<h1 style=\"text-align: center;\"><span style=\"color: #ffffff;\"><strong>DRITTENS<\/strong><\/span><\/h1>\n<\/div><\/div><div class=\"video-overlay no-overlay\"><\/div><\/div>[\/vc_column][\/vc_row][vc_row][vc_column width=\u201d1\/2\u2033][vc_column_text css_animation=\u201dleft-to-right\u201d css=\u201d.vc_custom_1455395531771{margin-top: 50px !important;}\u201d]Glaube an das was Jesus f\u00fcr uns am Kreuz getan hat. Durch Jesus gibt es eine Br\u00fccke, eine neue M\u00f6glichkeit, die die Menschheit mit Gott wieder vereint. Jesus hat alles getan, um uns zu retten und uns das ewige Leben zu schenken.[\/vc_column_text][\/vc_column][vc_column width=\u201d1\/2\u2033][vc_column_text css_animation=\u201dleft-to-right\u201d css=\u201d.vc_custom_1455395552087{margin-top: 50px !important;}\u201d]In Johannes 3:16 lesen wir \u201e Also hat Gott die Welt geliebt, dass er seinen eigeborenen Sohn gab, auf dass alle, die an ihn glauben, nicht verloren werden, sondern das ewige Leben haben\u201c.[\/vc_column_text][\/vc_column][\/vc_row][vc_row][vc_column]<div class=\"fw-section hb-fw-69f5cdce25eb1 without-border no-overlay dark-text-color\" style=\"background-image:url(https:\/\/i0.wp.com\/iglesia-latina.de\/wp-content\/uploads\/2014\/09\/Fotolia_581683_Subscription_Monthly_M.jpg?fit=1024%2C682);margin-top:50px;padding-top:100px;padding-bottom:100px;\"><div class=\"row fw-content-wrap\"><div class=\"col-12 nbm\">\n<h1 style=\"text-align: center;\"><span style=\"color: #ffffff;\">VIERTENS<\/span><\/h1>\n<\/div><\/div><div class=\"video-overlay no-overlay\"><\/div><\/div>[\/vc_column][\/vc_row][vc_row][vc_column width=\u201d1\/2\u2033][vc_column_text css_animation=\u201dleft-to-right\u201d css=\u201d.vc_custom_1455398756125{margin-top: 50px !important;}\u201d]Nimm Jesus als Deinen pers\u00f6nlichen Retter an. Jesus starb am Kreuz von Golgatha f\u00fcr die S\u00fcnde der Menschheit. Er stand von den Toten auf, um die Welt zu retten.<\/p>\n<p>Er wird wiederkommen, um die Menschen, die an Ihn glauben, zu befreien aus der ewigen Verdammnis.<br>\nWollen Sie von Ihren S\u00fcnden befreit werden und eine Freundschaft mit Gott haben? Wenn Ihre Antwort \u201eja\u201c ist, k\u00f6nnen Sie folgendes Gebet sprechen:[\/vc_column_text][\/vc_column][vc_column width=\u201d1\/2\u2033][vc_column_text css_animation=\u201dright-to-left\u201d css=\u201d.vc_custom_1455395677906{margin-top: 50px !important;}\u201d]<em>\u201eLieber Gott, ich erkenne, dass ich ein S\u00fcnder bin und dass ich dein Vergebung brauche. Bitte vergib mir. Ich glaube, dass Jesus am Kreuz f\u00fcr meine S\u00fcnde sein Blut vergossen hat und f\u00fcr mich gestorben ist. Ich bin bereit, mein altes Leben zur\u00fcck zu lassen und eine Beziehung mit Dir anzufangen. Ich will mich \u00e4ndern. Ich lade dich in mein Herz und in mein Leben ein. Ich erkenne dich als meinen Herrn und Retter an. Amen. <\/em>[\/vc_column_text][\/vc_column][\/vc_row][vc_row][vc_column][vc_column_text]Wenn Sie nach diesem Gebet kontaktiert werden m\u00f6chten, schicken Sie bitte eine Mail zu: <a href=\"mailto:pastorardo@iglesia-latina.de\">pastorardo@iglesia-latina.de<\/a>[\/vc_column_text][\/vc_column][\/vc_row]\n<\/body><\/div>","protected":false},"excerpt":{"rendered":"<p>[vc_row][vc_column][vc_column_text] Erl\u00f6sung [\/vc_column_text][\/vc_column][\/vc_row][vc_row][vc_column width=\u201d1\/3\u2033][vc_column_text]Es kann sein, dass f\u00fcr Sie in diesem Moment alles bestens l\u00e4uft oder dass Sie sich in [&hellip;]<\/p>\n","protected":false},"author":5,"featured_media":0,"parent":0,"menu_order":0,"comment_status":"open","ping_status":"open","template":"","meta":{"_exactmetrics_skip_tracking":false,"_exactmetrics_sitenote_active":false,"_exactmetrics_sitenote_note":"","_exactmetrics_sitenote_category":0,"footnotes":""},"class_list":["post-1312","page","type-page","status-publish","hentry"],"jetpack_sharing_enabled":true,"jetpack_shortlink":"https:\/\/wp.me\/P6BAUr-la","publishpress_future_action":{"enabled":false,"date":"2026-05-09 11:11:26","action":"change-status","newStatus":"private","terms":[],"taxonomy":"translation_priority","extraData":[]},"publishpress_future_workflow_manual_trigger":{"enabledWorkflows":[]},"_links":{"self":[{"href":"http:\/\/iglesia-latina.de\/de\/wp-json\/wp\/v2\/pages\/1312\/"}],"collection":[{"href":"http:\/\/iglesia-latina.de\/de\/wp-json\/wp\/v2\/pages\/"}],"about":[{"href":"http:\/\/iglesia-latina.de\/de\/wp-json\/wp\/v2\/types\/page\/"}],"author":[{"embeddable":true,"href":"http:\/\/iglesia-latina.de\/de\/wp-json\/wp\/v2\/users\/5\/"}],"replies":[{"embeddable":true,"href":"http:\/\/iglesia-latina.de\/de\/wp-json\/wp\/v2\/comments\/?post=1312"}],"version-history":[{"count":7,"href":"http:\/\/iglesia-latina.de\/de\/wp-json\/wp\/v2\/pages\/1312\/revisions\/"}],"predecessor-version":[{"id":2743,"href":"http:\/\/iglesia-latina.de\/de\/wp-json\/wp\/v2\/pages\/1312\/revisions\/2743\/"}],"wp:attachment":[{"href":"http:\/\/iglesia-latina.de\/de\/wp-json\/wp\/v2\/media\/?parent=1312"}],"curies":[{"name":"wp","href":"https:\/\/api.w.org\/{rel}","templated":true}]}}

ERLÖSUNG

<div class="wpb-content-wrapper"><body>[vc_row][vc_column][vc_column_text]
<h1>Erlösung</h1>
[/vc_column_text][/vc_column][/vc_row][vc_row][vc_column width=”1/3″][vc_column_text]Es kann sein, dass für Sie in diesem Moment alles bestens läuft oder dass Sie sich in einer schwierigen Situation befinden. [/vc_column_text][/vc_column][vc_column width=”1/3″][vc_column_text css_animation=”appear”]Egal wo Sie heute stehen, wir haben eine gute Nachricht für Sie: Gott kennt Sie und er liebt Sie. Sie sind wichtig für Ihn und Er wünscht sich eine ganz persönliche Beziehung mit Ihnen.[/vc_column_text][/vc_column][vc_column width=”1/3″][vc_column_text css_animation=”right-to-left”]Möchten Sie eine Beziehung mit Gott jetzt beginnen? Wenn dem so ist, bitte betrachten Sie folgende Schritte um eine geistliche Erfahrung mit Gott zu starten:[/vc_column_text][/vc_column][/vc_row][vc_row][vc_column]<div class="fw-section hb-fw-69f5cdce258c9 without-border no-overlay dark-text-color" style="background-image:url(https://i0.wp.com/iglesia-latina.de/wp-content/uploads/2014/09/cielo-oscuro.jpg?fit=1024%2C576);padding-top:100px;padding-bottom:100px;"><div class="row fw-content-wrap"><div class="col-12 nbm">
<h1 style="text-align: center;"><span style="color: #ffffff;"><strong>ERSTENS</strong></span></h1>
</div></div><div class="video-overlay no-overlay"></div></div>[/vc_column][/vc_row][vc_row][vc_column width=”1/2″][vc_column_text css_animation=”left-to-right” css=”.vc_custom_1455395280199{margin-top: 50px !important;}”]Erkennen Sie, dass Sie von Gott getrennt sind. In der Bibel lesen wir, dass alle in irgendeiner Form gesündigt haben (Römer 3:23),[/vc_column_text][/vc_column][vc_column width=”1/2″][vc_column_text css_animation=”right-to-left” css=”.vc_custom_1455395222830{margin-top: 50px !important;}”]und dass es nicht einen gibt, der gerecht ist (Römer 3:10). Die Sünden haben die Menschheit von Gott getrennt.[/vc_column_text][/vc_column][/vc_row][vc_row][vc_column]<div class="fw-section hb-fw-69f5cdce25b36 without-border no-overlay dark-text-color" style="background-image:url(https://i0.wp.com/iglesia-latina.de/wp-content/uploads/2014/09/Fotolia_47241281_Subscription_Monthly_M.jpg?fit=1024%2C482);margin-top:50px;padding-top:100px;padding-bottom:100px;"><div class="row fw-content-wrap"><div class="col-12 nbm">
<h1 style="text-align: center;"><span style="color: #ffffff;"><strong>ZWEITENS</strong></span></h1>
</div></div><div class="video-overlay no-overlay"></div></div>[/vc_column][/vc_row][vc_row][vc_column width=”1/2″][vc_column_text css_animation=”left-to-right” css=”.vc_custom_1455395387155{margin-top: 50px !important;}”]Erkennen Sie, dass Ihre eigene Gerechtigkeit nicht genug vor Gott ist. Alle persönliche Anstrengungen oder eigenen Werke sind nutzlos, um eine Beziehung mit Gott zu beginnen oder eine dauerhafte Beziehung mit ihm zu etablieren.[/vc_column_text][/vc_column][vc_column width=”1/2″][vc_column_text css_animation=”right-to-left” css=”.vc_custom_1455395409116{margin-top: 50px !important;}”]In Epheser 2:9 lesen wir “nicht aus den Werken, auf dass sich nicht jemand rühme“. Und Römer 10:17 lehrt uns „ Demnach kommt der Glaube aus der Verkündung, die Verkündung aber durch Gottes Wort. Wollen Sie im Glauben wachsen?[/vc_column_text][/vc_column][/vc_row][vc_row][vc_column]<div class="fw-section hb-fw-69f5cdce25cf5 without-border no-overlay dark-text-color" style="background-image:url(https://i0.wp.com/iglesia-latina.de/wp-content/uploads/2014/09/Fotolia_44589020_Subscription_Monthly_M.jpg?fit=1024%2C576);margin-top:50px;padding-top:100px;padding-bottom:100px;"><div class="row fw-content-wrap"><div class="col-12 nbm">
<h1 style="text-align: center;"><span style="color: #ffffff;"><strong>DRITTENS</strong></span></h1>
</div></div><div class="video-overlay no-overlay"></div></div>[/vc_column][/vc_row][vc_row][vc_column width=”1/2″][vc_column_text css_animation=”left-to-right” css=”.vc_custom_1455395531771{margin-top: 50px !important;}”]Glaube an das was Jesus für uns am Kreuz getan hat. Durch Jesus gibt es eine Brücke, eine neue Möglichkeit, die die Menschheit mit Gott wieder vereint. Jesus hat alles getan, um uns zu retten und uns das ewige Leben zu schenken.[/vc_column_text][/vc_column][vc_column width=”1/2″][vc_column_text css_animation=”left-to-right” css=”.vc_custom_1455395552087{margin-top: 50px !important;}”]In Johannes 3:16 lesen wir „ Also hat Gott die Welt geliebt, dass er seinen eigeborenen Sohn gab, auf dass alle, die an ihn glauben, nicht verloren werden, sondern das ewige Leben haben“.[/vc_column_text][/vc_column][/vc_row][vc_row][vc_column]<div class="fw-section hb-fw-69f5cdce25eb1 without-border no-overlay dark-text-color" style="background-image:url(https://i0.wp.com/iglesia-latina.de/wp-content/uploads/2014/09/Fotolia_581683_Subscription_Monthly_M.jpg?fit=1024%2C682);margin-top:50px;padding-top:100px;padding-bottom:100px;"><div class="row fw-content-wrap"><div class="col-12 nbm">
<h1 style="text-align: center;"><span style="color: #ffffff;">VIERTENS</span></h1>
</div></div><div class="video-overlay no-overlay"></div></div>[/vc_column][/vc_row][vc_row][vc_column width=”1/2″][vc_column_text css_animation=”left-to-right” css=”.vc_custom_1455398756125{margin-top: 50px !important;}”]Nimm Jesus als Deinen persönlichen Retter an. Jesus starb am Kreuz von Golgatha für die Sünde der Menschheit. Er stand von den Toten auf, um die Welt zu retten.</p>
<p>Er wird wiederkommen, um die Menschen, die an Ihn glauben, zu befreien aus der ewigen Verdammnis.<br>
Wollen Sie von Ihren Sünden befreit werden und eine Freundschaft mit Gott haben? Wenn Ihre Antwort „ja“ ist, können Sie folgendes Gebet sprechen:[/vc_column_text][/vc_column][vc_column width=”1/2″][vc_column_text css_animation=”right-to-left” css=”.vc_custom_1455395677906{margin-top: 50px !important;}”]<em>„Lieber Gott, ich erkenne, dass ich ein Sünder bin und dass ich dein Vergebung brauche. Bitte vergib mir. Ich glaube, dass Jesus am Kreuz für meine Sünde sein Blut vergossen hat und für mich gestorben ist. Ich bin bereit, mein altes Leben zurück zu lassen und eine Beziehung mit Dir anzufangen. Ich will mich ändern. Ich lade dich in mein Herz und in mein Leben ein. Ich erkenne dich als meinen Herrn und Retter an. Amen. </em>[/vc_column_text][/vc_column][/vc_row][vc_row][vc_column][vc_column_text]Wenn Sie nach diesem Gebet kontaktiert werden möchten, schicken Sie bitte eine Mail zu: <a href="mailto:pastorardo@iglesia-latina.de">pastorardo@iglesia-latina.de</a>[/vc_column_text][/vc_column][/vc_row]
</body></div>

<p>[vc_row][vc_column][vc_column_text] Erlösung [/vc_column_text][/vc_column][/vc_row][vc_row][vc_column width=”1/3″][vc_column_text]Es kann sein, dass für Sie in diesem Moment alles bestens läuft oder dass Sie sich in [&hellip;]</p>
