{"id":1247,"date":"2016-02-13T17:51:56","date_gmt":"2016-02-13T16:51:56","guid":{"rendered":"http:\/\/iglesia-latina.de\/de\/?page_id=1247"},"modified":"2016-02-13T18:10:40","modified_gmt":"2016-02-13T17:10:40","slug":"ueber-uns","status":"publish","type":"page","link":"http:\/\/iglesia-latina.de\/de\/ueber-uns\/","title":{"rendered":"\u00dcBER UNS"},"content":{"rendered":"<div class=\"wpb-content-wrapper\"><body>[vc_row][vc_column][vc_column_text css_animation=\u201dleft-to-right\u201d css=\u201d.vc_custom_1455382036874{margin-top: 35px !important;}\u201d]\n<h1>\u00dcber uns<\/h1>\n[\/vc_column_text][\/vc_column][\/vc_row][vc_row][vc_column width=\u201d1\/3\u2033][vc_column_text css_animation=\u201dleft-to-right\u201d]Die Iglesia Cristiana Latinoamericana (ICL) in Frankfurt ist eine evangelische Gemeinde, die aus ca. siebzehn spanischsprachigen Nationalit\u00e4ten besteht, die gemeinsam Gott suchen und Ihn loben wollen. Das hat mit einer kleinen Gruppe angefangen, die \u00fcber Gott mehr wissen wollte. Heutzutage ist die ICL ein Teil der Missions-Allianz Kirche in Deutschland (MAKD) und wird von der Freien evangelischen Gemeinde in Frankfurt (FeG) unterst\u00fctzt.[\/vc_column_text][\/vc_column][vc_column width=\u201d1\/3\u2033][vc_column_text css_animation=\u201dappear\u201d]Da jedes Mitglied oder jeder Besucher der ICL aus einem unterschiedlichen kulturellen und religi\u00f6sen Hintergrund kommt, respektieren wir den Glauben jedes Einzelnen. Wir konzentrieren uns auf ein gemeinsames geistiges Wachstum, was auf der Richtigkeit und Unfehlbarkeit der Bibel basiert.<\/p>\n<p>Wir suchen eine pers\u00f6nliche Begegnung mit Jesus und lassen uns von ihm in unserem Leben leiten, um somit Nachahmer seines Wortes zu sein.[\/vc_column_text][\/vc_column][vc_column width=\u201d1\/3\u2033][vc_column_text css_animation=\u201dright-to-left\u201d]\u201ebis wir alle zur Einheit des Glaubens und der Erkenntnis des Sohnes Gottes gelangen, zur vollkommenen Mannesreife, zum Ma\u00df der vollen Gr\u00f6\u00dfe des Christus\u201c.<\/p>\n<p>Epheser 4:13[\/vc_column_text][\/vc_column][\/vc_row][vc_row][vc_column][rev_slider_vc alias=\u201dNosotors\u201d][\/vc_column][\/vc_row]\n<\/body><\/div>","protected":false},"excerpt":{"rendered":"<p>[vc_row][vc_column][vc_column_text css_animation=\u201dleft-to-right\u201d css=\u201d.vc_custom_1455382036874{margin-top: 35px !important;}\u201d] \u00dcber uns [\/vc_column_text][\/vc_column][\/vc_row][vc_row][vc_column width=\u201d1\/3\u2033][vc_column_text css_animation=\u201dleft-to-right\u201d]Die Iglesia Cristiana Latinoamericana (ICL) in Frankfurt ist eine evangelische Gemeinde, [&hellip;]<\/p>\n","protected":false},"author":4,"featured_media":0,"parent":0,"menu_order":0,"comment_status":"open","ping_status":"open","template":"","meta":{"_exactmetrics_skip_tracking":false,"_exactmetrics_sitenote_active":false,"_exactmetrics_sitenote_note":"","_exactmetrics_sitenote_category":0,"footnotes":""},"class_list":["post-1247","page","type-page","status-publish","hentry"],"jetpack_sharing_enabled":true,"jetpack_shortlink":"https:\/\/wp.me\/P6BAUr-k7","publishpress_future_action":{"enabled":false,"date":"2026-05-03 23:08:37","action":"change-status","newStatus":"private","terms":[],"taxonomy":"translation_priority","extraData":[]},"publishpress_future_workflow_manual_trigger":{"enabledWorkflows":[]},"_links":{"self":[{"href":"http:\/\/iglesia-latina.de\/de\/wp-json\/wp\/v2\/pages\/1247\/"}],"collection":[{"href":"http:\/\/iglesia-latina.de\/de\/wp-json\/wp\/v2\/pages\/"}],"about":[{"href":"http:\/\/iglesia-latina.de\/de\/wp-json\/wp\/v2\/types\/page\/"}],"author":[{"embeddable":true,"href":"http:\/\/iglesia-latina.de\/de\/wp-json\/wp\/v2\/users\/4\/"}],"replies":[{"embeddable":true,"href":"http:\/\/iglesia-latina.de\/de\/wp-json\/wp\/v2\/comments\/?post=1247"}],"version-history":[{"count":2,"href":"http:\/\/iglesia-latina.de\/de\/wp-json\/wp\/v2\/pages\/1247\/revisions\/"}],"predecessor-version":[{"id":1254,"href":"http:\/\/iglesia-latina.de\/de\/wp-json\/wp\/v2\/pages\/1247\/revisions\/1254\/"}],"wp:attachment":[{"href":"http:\/\/iglesia-latina.de\/de\/wp-json\/wp\/v2\/media\/?parent=1247"}],"curies":[{"name":"wp","href":"https:\/\/api.w.org\/{rel}","templated":true}]}}

ÜBER UNS

<div class="wpb-content-wrapper"><body>[vc_row][vc_column][vc_column_text css_animation=”left-to-right” css=”.vc_custom_1455382036874{margin-top: 35px !important;}”]
<h1>Über uns</h1>
[/vc_column_text][/vc_column][/vc_row][vc_row][vc_column width=”1/3″][vc_column_text css_animation=”left-to-right”]Die Iglesia Cristiana Latinoamericana (ICL) in Frankfurt ist eine evangelische Gemeinde, die aus ca. siebzehn spanischsprachigen Nationalitäten besteht, die gemeinsam Gott suchen und Ihn loben wollen. Das hat mit einer kleinen Gruppe angefangen, die über Gott mehr wissen wollte. Heutzutage ist die ICL ein Teil der Missions-Allianz Kirche in Deutschland (MAKD) und wird von der Freien evangelischen Gemeinde in Frankfurt (FeG) unterstützt.[/vc_column_text][/vc_column][vc_column width=”1/3″][vc_column_text css_animation=”appear”]Da jedes Mitglied oder jeder Besucher der ICL aus einem unterschiedlichen kulturellen und religiösen Hintergrund kommt, respektieren wir den Glauben jedes Einzelnen. Wir konzentrieren uns auf ein gemeinsames geistiges Wachstum, was auf der Richtigkeit und Unfehlbarkeit der Bibel basiert.</p>
<p>Wir suchen eine persönliche Begegnung mit Jesus und lassen uns von ihm in unserem Leben leiten, um somit Nachahmer seines Wortes zu sein.[/vc_column_text][/vc_column][vc_column width=”1/3″][vc_column_text css_animation=”right-to-left”]„bis wir alle zur Einheit des Glaubens und der Erkenntnis des Sohnes Gottes gelangen, zur vollkommenen Mannesreife, zum Maß der vollen Größe des Christus“.</p>
<p>Epheser 4:13[/vc_column_text][/vc_column][/vc_row][vc_row][vc_column][rev_slider_vc alias=”Nosotors”][/vc_column][/vc_row]
</body></div>

<p>[vc_row][vc_column][vc_column_text css_animation=”left-to-right” css=”.vc_custom_1455382036874{margin-top: 35px !important;}”] Über uns [/vc_column_text][/vc_column][/vc_row][vc_row][vc_column width=”1/3″][vc_column_text css_animation=”left-to-right”]Die Iglesia Cristiana Latinoamericana (ICL) in Frankfurt ist eine evangelische Gemeinde, [&hellip;]</p>
